divided by 15909.
595
What is the remainder when 560754 is divided by 20?
14
Calculate the remainder when 63401826 is divided by 4381.
4375
Calculate the remainder when 25534622 is divided by 1702308.
2
Calculate the remainder when 1125189 is divided by 1235.
104
What is the remainder when 292794 is divided by 9667?
2784
Calculate the remainder when 636269 is divided by 334.
333
Calculate the remainder when 208195 is divided by 18833.
1032
Calculate the remainder when 833627 is divided by 17.
15
What is the remainder when 99670816 is divided by 3970?
3966
What is the remainder when 931192 is divided by 19812?
28
What is the remainder when 1264266 is divided by 2656?
10
What is the remainder when 2391794 is divided by 2416?
2370
What is the remainder when 481266 is divided by 26?
6
Calculate the remainder when 360652 is divided by 1466.
16
Calculate the remainder when 3027726 is divided by 159343.
209
Calculate the remainder when 1412334 is divided by 48.
30
What is the remainder when 452693 is divided by 32328?
101
What is the remainder when 319031 is divided by 2570?
351
Calculate the remainder when 480847 is divided by 1129.
1022
Calculate the remainder when 3665144 is divided by 33.
32
Calculate the remainder when 1565991 is divided by 232.
223
Calculate the remainder when 20606255 is divided by 66258.
17
What is the remainder when 121219209 is divided by 21960?
9
Calculate the remainder when 191798 is divided by 17338.
1080
What is the remainder when 47892389 is divided by 1855?
1854
Calculate the remainder when 6539773 is divided by 159506.
27
Calculate the remainder when 75561525 is divided by 65.
0
Calculate the remainder when 448250 is divided by 74659.
296
What is the remainder when 1880121 is divided by 64?
57
Calculate the remainder when 168247 is divided by 42029.
131
Calculate the remainder when 170656 is divided by 21223.
872
What is the remainder when 268749 is divided by 265396?
3353
What is the remainder when 4403414 is divided by 278?
172
What is the remainder when 1291450 is divided by 322827?
142
Calculate the remainder when 90356754 is divided by 116891.
11
Calculate the remainder when 7899 is divided by 7440.
459
Calculate the remainder when 24672694 is divided by 100.
94
Calculate the remainder when 60797 is divided by 60755.
42
Calculate the remainder when 1656671 is divided by 12939.
479
What is the remainder when 2072206 is divided by 1431?
118
Calculate the remainder when 16985684 is divided by 4405.
4
What is the remainder when 99866 is divided by 75?
41
What is the remainder when 24892326 is divided by 53?
28
What is the remainder when 48409022 is divided by 772?
762
What is the remainder when 991273 is divided by 81?
76
What is the remainder when 9614369 is divided by 403?
401
Calculate the remainder when 105943 is divided by 34769.
1636
Calculate the remainder when 195302317 is divided by 5360.
5357
What is the remainder when 11248313 is divided by 3749434?
11
What is the remainder when 17466347 is divided by 55?
52
What is the remainder when 7297023 is divided by 1824242?
55
Calculate the remainder when 18464991 is divided by 3808.
3807
Calculate the remainder when 3675168 is divided by 315.
63
Calculate the remainder when 6982958 is divided by 21619.
21
Calculate the remainder when 151723 is divided by 515.
313
What is the remainder when 2757096 is divided by 190?
6
What is the remainder when 19997516 is divided by 4934?
14
What is the remainder when 4334030 is divided by 5098?
730
What is the remainder when 2312414991 is divided by 5968?
5967
Calculate the remainder when 1082984 is divided by 685.
684
Calculate the remainder when 4804087 is divided by 111722.
41
What is the remainder when 30964470 is divided by 946?
944
What is the remainder when 902948 is divided by 225702?
140
What is the remainder when 7210657 is divided by 193?
177
What is the remainder when 12921423 is divided by 6?
3
What is the remainder when 15723921 is divided by 271102?
5
What is the remainder when 3155186 is divided by 137182?
0
Calculate the remainder when 4239052 is divided by 6.
4
Calculate the remainder when 990464 is divided by 330073.
245
Calculate the remainder when 10763511 is divided by 10763503.
8
What is the remainder when 10213433 is divided by 126?
125
Calculate the remainder when 1586329 is divided by 528694.
247
Calculate the remainder when 488102 is divided by 28655.
967
Calculate the remainder when 21281775 is divided by 123016.
7
What is the remainder when 50270646 is divided by 120?
6
Calculate the remainder when 104169 is divided by 102459.
1710
Calculate the remainder when 562454077 is divided by 961.
958
Calculate the remainder when 41542 is divided by 9059.
5306
What is the remainder when 1708620 is divided by 1338?
1332
Calculate the remainder when 1144940 is divided by 1896.
1652
What is the remainder when 5193854 is divided by 1731274?
32
What is the remainder when 124814 is divided by 266?
60
Calculate the remainder when 15556572 is divided by 31.
28
Calculate the remainder when 4451580 is divided by 533.
497
What is the remainder when 35434359 is divided by 11811419?
102
What is the remainder when 4193559 is divided by 220713?
12
Calculate the remainder when 631291 is divided by 42085.
16
What is the remainder when 310802567 is divided by 11211?
14
What is the remainder when 224001 is divided by 13176?
9
What is the remainder when 2052982 is divided by 465?
7
What is the remainder when 456046 is divided by 1143?
1132
Calculate the remainder when 7447889 is divided by 827541.
20
Calculate the remainder when 6932032 is divided by 82.
80
What is the remainder when 685656 is divided by 14284?
24
Calculate the remainder when 21527 is divided by 5376.
23
Calculate the remainder when 525239 is divided by 3673.
0
Calculate the remainder when 157132 is divided by 525.
157
What is the remainder when 2287834 is divided by 762592?
58
Calculate the remainder when 108647 is divided by 345.
317
What is the remainder when 26667 is divided by 23291?
3376
What is the remainder when 41205 is divided by 249?
120
Calculate the remainder when 73963 is divided by 755.
728
Calculate the remainder when 5920740 is divided by 1480185.
0
What is the remainder when 612250 is divided by 618?
430
What is the remainder when 35505 is divided by 1218?
183
What is the remainder when 6625 is divided by 4707?
1918
What is the remainder when 91354540 is divided by 55?
35
Calculate the remainder when 115389 is divided by 28826.
85
Calculate the remainder when 42135449 is divided by 37.
34
Calculate the remainder when 121860755 is divided by 4686952.
3
What is the remainder when 7180438 is divided by 5?
3
Calculate the remainder when 23114828 is divided by 700449.
11
Calculate the remainder when 14840 is divided by 14336.
504
Calculate the remainder when 675777 is divided by 2405.
2377
What is the remainder when 4270474 is divided by 2024?
1858
Calculate the remainder when 1796944 is divided by 8257.
5175
What is the remainder when 263742686 is divided by 12902?
2
What is the remainder when 569432649 is divided by 537?
534
What is the remainder when 523098 is divided by 65383?
34
Calculate the remainder when 5720959 is divided by 2860478.
3
Calculate the remainder when 10284794 is divided by 1308.
1298
Calculate the remainder when 20840119 is divided by 228.
7
Calculate the remainder when 59736 is divided by 810.
606
Calculate the remainder when 59566 is divided by 2498.
2112
Calculate the remainder when 210259573 is divided by 42051910.
23
What is the remainder when 2923229 is divided by 417594?
71
Calculate the remainder when 98555 is divided by 4651.
884
What is the remainder when 107491 is divided by 125?
116
What is the remainder when 980469 is divided by 134?
125
What is the remainder when 713036 is divided by 47535?
11
What is the remainder when 11853019 is divided by 29?
23
What is the remainder when 10959 is divided by 729?
24
What is the remainder when 53199382 is divided by 12?
10
What is the remainder when 100413484 is divided by 18?
16
Calculate the remainder when 41430 is divided by 7056.
6150
Calculate the remainder when 49368824 is divided by 38.
22
What is the remainder when 1745434 is divided by 349076?
54
Calculate the r